{"id":113,"date":"2022-10-21T10:27:31","date_gmt":"2022-10-21T08:27:31","guid":{"rendered":"http:\/\/sebastian-pank.de\/wordpress\/?page_id=113"},"modified":"2022-10-23T17:44:14","modified_gmt":"2022-10-23T15:44:14","slug":"tonaufnahmen","status":"publish","type":"page","link":"https:\/\/sebastian-pank.de\/wordpress\/tonaufnahmen\/","title":{"rendered":"Tonaufnahmen"},"content":{"rendered":"\n<figure class=\"wp-block-image size-full is-resized\"><a href=\"http:\/\/sebastian-pank.de\/wp-content\/uploads\/2022\/10\/C0B51F80-E520-4DCD-876C-E1D907076AA4_1_105_c.jpeg\"><img loading=\"lazy\" decoding=\"async\" src=\"http:\/\/sebastian-pank.de\/wp-content\/uploads\/2022\/10\/C0B51F80-E520-4DCD-876C-E1D907076AA4_1_105_c.jpeg\" alt=\"\" class=\"wp-image-176\" width=\"563\" height=\"751\" srcset=\"https:\/\/sebastian-pank.de\/wp-content\/uploads\/2022\/10\/C0B51F80-E520-4DCD-876C-E1D907076AA4_1_105_c.jpeg 768w, https:\/\/sebastian-pank.de\/wp-content\/uploads\/2022\/10\/C0B51F80-E520-4DCD-876C-E1D907076AA4_1_105_c-225x300.jpeg 225w\" sizes=\"auto, (max-width: 563px) 100vw, 563px\" \/><\/a><\/figure>\n\n\n\n<p class=\"has-small-font-size\">In der Sakristei einer Kirche in Groningen\/NL w\u00e4hrend einer CD Produktion im November 2021<\/p>\n\n\n\n<div class=\"wp-block-soliloquy-soliloquywp\"><div aria-live=\"polite\" id=\"soliloquy-container-179\" class=\"soliloquy-container soliloquy-transition-fade  soliloquy-theme-base\" style=\"max-width:563px;max-height:400px;\"><ul id=\"soliloquy-179\" class=\"soliloquy-slider soliloquy-slides soliloquy-wrap soliloquy-clear\"><li aria-hidden=\"true\" class=\"soliloquy-item soliloquy-item-1 soliloquy-image-slide\" draggable=\"false\" style=\"list-style:none\"><img decoding=\"async\" id=\"soliloquy-image-180\" class=\"soliloquy-image soliloquy-image-1\" src=\"https:\/\/sebastian-pank.de\/wp-content\/uploads\/2022\/10\/D113E7FE-23DF-46B2-9C29-9629E2A5D8CB_1_105_c-563x400_c.jpeg\" alt=\"D113E7FE-23DF-46B2-9C29-9629E2A5D8CB_1_105_c\" \/><\/li><li aria-hidden=\"true\" class=\"soliloquy-item soliloquy-item-2 soliloquy-image-slide\" draggable=\"false\" style=\"list-style:none\"><img decoding=\"async\" id=\"soliloquy-image-185\" class=\"soliloquy-image soliloquy-image-2\" src=\"https:\/\/sebastian-pank.de\/wp-content\/uploads\/2022\/10\/70239ED9-2D3C-4A8B-9A38-98AD016B8303_1_105_c-563x400_c.jpeg\" alt=\"70239ED9-2D3C-4A8B-9A38-98AD016B8303_1_105_c\" \/><\/li><li aria-hidden=\"true\" class=\"soliloquy-item soliloquy-item-3 soliloquy-image-slide\" draggable=\"false\" style=\"list-style:none\"><img decoding=\"async\" id=\"soliloquy-image-196\" class=\"soliloquy-image soliloquy-image-3\" src=\"https:\/\/sebastian-pank.de\/wp-content\/uploads\/2022\/10\/25A80C37-0757-4641-920D-642690813E32_1_105_c-1-563x400_c.jpeg\" alt=\"25A80C37-0757-4641-920D-642690813E32_1_105_c\" \/><\/li><li aria-hidden=\"true\" class=\"soliloquy-item soliloquy-item-4 soliloquy-image-slide\" draggable=\"false\" style=\"list-style:none\"><img decoding=\"async\" id=\"soliloquy-image-197\" class=\"soliloquy-image soliloquy-image-4\" src=\"https:\/\/sebastian-pank.de\/wp-content\/uploads\/2022\/10\/5A807866-3F06-4938-8298-7484AF520BC9_1_105_c-563x400_c.jpeg\" alt=\"5A807866-3F06-4938-8298-7484AF520BC9_1_105_c\" \/><\/li><\/ul><\/div><noscript><style type=\"text\/css\">#soliloquy-container-179{opacity:1}<\/style><\/noscript><\/div>\n\n\n\n<p><\/p>\n\n\n\n<p>Noch w\u00e4hrend meines Studiums an der Leipziger Musikhochschule, begann ich 1991 f\u00fcr eigene Ensembles oder befreundete Musiker Tonaufnahmen zu machen. Nachdem ich 1993 das Label <a href=\"http:\/\/www.raumklang.de\" data-type=\"URL\" data-id=\"www.raumklang.de\">RAUMKLANG<\/a> gr\u00fcndete, wurde aus der Liebhaberei bald meine Hauptbesch\u00e4ftigung. Seitdem habe ich \u00fcber 100  CDs aufgenommen und zahlreiche Konzerte mitgeschnitten. F\u00fcr die Aufnahmen reiste ich nach England, Korsika, Frankreich, Niederlande, Italien, \u00d6sterreich, Polen, Griechenland und Georgien. Die meisten CDs entstanden aber hier in Deutschland. <br>Durch meine in der Kindheit gepr\u00e4gte Liebe zur Alten Musik, f\u00fchle ich mich als Tonmeister auch besonders bei Aufnahmen dieser Musik, vom Mittelalter bis zur fr\u00fchen Klassik, besonders \u00bbzu Hause\u00ab. <br><br>Mit eigener Technik bin ich mobil f\u00fcr Orgel Aufnahmen, Kammermusik, aCapella, Chor und Kammerorchester. Wer bereits eigene oder andere Technik hat, kann mich auch einfach als Tonmeister f\u00fcr die Aufnahmeleitung engagieren, egal ob f\u00fcr eine CD, ein Demo oder einen Konzertmitschnitt.<br>Wer Interesse an einer Ver\u00f6ffentlichung seiner Musik auf einem meiner Labels (<a rel=\"noreferrer noopener\" href=\"https:\/\/www.asinamusic.com\/de\/cd-shop\/RAUMKLANG\/\" data-type=\"URL\" data-id=\"https:\/\/www.asinamusic.com\/de\/cd-shop\/RAUMKLANG\/\" target=\"_blank\">RAUMKLANG<\/a>, <a rel=\"noreferrer noopener\" href=\"https:\/\/www.asinamusic.com\/de\/talantonrecords\/\" data-type=\"URL\" data-id=\"https:\/\/www.asinamusic.com\/de\/talantonrecords\/\" target=\"_blank\">TALANTON<\/a>, <a rel=\"noreferrer noopener\" href=\"https:\/\/www.asinamusic.com\/de\/asinarecords\/\" data-type=\"URL\" data-id=\"https:\/\/www.asinamusic.com\/de\/asinarecords\/\" target=\"_blank\">Asinarecords<\/a>) hat, kann dar\u00fcber gern mit mir sprechen.<br><\/p>\n\n\n\n<p>Anfragen bitte per mail an: <a rel=\"noreferrer noopener\" href=\"mailto:brief@raumklang.de\" target=\"_blank\">brief@raumklang.de<\/a><\/p>\n\n\n\n<ul class=\"wp-block-social-links is-layout-flex wp-block-social-links-is-layout-flex\"><li class=\"wp-social-link wp-social-link-facebook  wp-block-social-link\"><a href=\"https:\/\/www.facebook.com\/RK.records\" class=\"wp-block-social-link-anchor\"><svg width=\"24\" height=\"24\" viewBox=\"0 0 24 24\" version=\"1.1\" xmlns=\"http:\/\/www.w3.org\/2000\/svg\" aria-hidden=\"true\" focusable=\"false\"><path d=\"M12 2C6.5 2 2 6.5 2 12c0 5 3.7 9.1 8.4 9.9v-7H7.9V12h2.5V9.8c0-2.5 1.5-3.9 3.8-3.9 1.1 0 2.2.2 2.2.2v2.5h-1.3c-1.2 0-1.6.8-1.6 1.6V12h2.8l-.4 2.9h-2.3v7C18.3 21.1 22 17 22 12c0-5.5-4.5-10-10-10z\"><\/path><\/svg><span class=\"wp-block-social-link-label screen-reader-text\">Facebook<\/span><\/a><\/li><\/ul>\n","protected":false},"excerpt":{"rendered":"<p>In der Sakristei einer Kirche in Groningen\/NL w\u00e4hrend einer CD Produktion im November 2021 Noch w\u00e4hrend meines Studiums an der Leipziger Musikhochschule, begann ich 1991 f\u00fcr eigene Ensembles oder befreundete Musiker Tonaufnahmen zu machen. Nachdem ich 1993 das Label RAUMKLANG gr\u00fcndete, wurde aus der Liebhaberei bald meine Hauptbesch\u00e4ftigung. Seitdem habe ich \u00fcber 100 CDs aufgenommen &hellip; <a href=\"https:\/\/sebastian-pank.de\/wordpress\/tonaufnahmen\/\" class=\"more-link\"><span class=\"screen-reader-text\">Tonaufnahmen<\/span> weiterlesen<\/a><\/p>\n","protected":false},"author":1,"featured_media":0,"parent":0,"menu_order":0,"comment_status":"closed","ping_status":"closed","template":"","meta":{"pgc_sgb_lightbox_settings":"","footnotes":""},"class_list":["post-113","page","type-page","status-publish","hentry"],"_links":{"self":[{"href":"https:\/\/sebastian-pank.de\/wordpress\/wp-json\/wp\/v2\/pages\/113","targetHints":{"allow":["GET"]}}],"collection":[{"href":"https:\/\/sebastian-pank.de\/wordpress\/wp-json\/wp\/v2\/pages"}],"about":[{"href":"https:\/\/sebastian-pank.de\/wordpress\/wp-json\/wp\/v2\/types\/page"}],"author":[{"embeddable":true,"href":"https:\/\/sebastian-pank.de\/wordpress\/wp-json\/wp\/v2\/users\/1"}],"replies":[{"embeddable":true,"href":"https:\/\/sebastian-pank.de\/wordpress\/wp-json\/wp\/v2\/comments?post=113"}],"version-history":[{"count":14,"href":"https:\/\/sebastian-pank.de\/wordpress\/wp-json\/wp\/v2\/pages\/113\/revisions"}],"predecessor-version":[{"id":239,"href":"https:\/\/sebastian-pank.de\/wordpress\/wp-json\/wp\/v2\/pages\/113\/revisions\/239"}],"wp:attachment":[{"href":"https:\/\/sebastian-pank.de\/wordpress\/wp-json\/wp\/v2\/media?parent=113"}],"curies":[{"name":"wp","href":"https:\/\/api.w.org\/{rel}","templated":true}]}}